. Let c be b(2). Suppose 0*k - 456 = -c*k. Suppose 2*f - k = -n + 54, n - 91 = 3*f. Is n a composite number?
False
Suppose 285*a - 667227 = 274*a. Is a composite?
True
Let g = 753 + -248. Is g a prime number?
False
Suppose -858*a + 855*a + 50451 = 0. Is a composite?
True
Suppose -3*c - 4 = -5*j + 4, 4*j = 2*c + 8. Let d(s) = 12567*s**3 - 5*s**2 + 7 + 0*s**2 - 12522*s**3. Is d(j) composite?
True
Let n(t) = 26*t**3 + 10*t**2 + 78*t + 33. Is n(18) composite?
True
Let s(d) = 39*d + 3. Let v(k) = -k - 1. Let q(t) = -s(t) - 2*v(t). Let r be q(-1). Is 5/2*(-12504)/r*-3 a composite number?
True
Suppose z + 8*p = 112783, 4*p - 117027 - 108611 = -2*z. Is z a prime number?
True
Suppose -4*s + 4*b + 60 = 324, -5*s = b + 348. Let n = s + 260. Is n prime?
True
Suppose -10*p - 17*p = -p - 1643122. Is p a composite number?
False
Let f(y) = 11*y + 48. Let b be f(-4). Is (2/b)/((-55)/242)*-4915 composite?
True
Suppose -72 = 2*f - 60, -f + 19039 = 5*i. Is i a composite number?
True
Let a be -13 - -5 - -17*1. Suppose 6*o - a*o = 2*t - 23679, 5*o - 3*t = 39446. Is o prime?
False
Suppose 110*i - 3870062 = 6305268. Is i a prime number?
True
Suppose 0*b + b - 16215 = -4916. Is b prime?
True
Let t(p) be the first derivative of -4 - 45*p**2 - 9 + 36*p - 43*p + 1. Is t(-3) composite?
False
Is (4/(-28))/(48/(-25200336)) composite?
True
Is 180647*(-1)/(-1 - 0)*(-87 + 88) a prime number?
True
Let v(k) = -27928*k**3 + 4*k**2 - 4*k - 7. Is v(-1) composite?
True
Suppose -p - u = -0*u - 77433, -5*u = -5*p + 387145. Is p prime?
True
Let s(g) = -415923*g - 2570. Is s(-1) prime?
True
Let h(q) = -2*q**3 + 39*q**2 - 23*q + 19. Suppose 38 = -210*b + 212*b. Let a be h(b). Is 18334/6 + -5 + a/(-9) a prime number?
False
Let t = 2797 + -2791. Let h(r) = -r**2 + 4*r + 7. Let b be h(5). Suppose -31940 = -t*j + b*j. Is j a composite number?
True
Let h(n) = -n**3 + n**2 - n + 1. Let z(b) = -4*b**3 - 3*b**2 + 2*b + 1. Let s(w) = -5*h(w) + z(w). Let t be s(7). Is (-49797)/(-77) - t/14 composite?
False
Let k = 10433 + 25788. Is k composite?
True
Is (25/(-10) - -3)*48718 a composite number?
False
Let v be 101180/6 + 432/(-324). Let q = 33423 - v. Is q a composite number?
False
Suppose 204 = 3*c + 75. Suppose -3*u + c = -143. Is u a composite number?
True
Let y(q) = -6*q**2 - 3*q + 3. Let r be y(1). Let n be 13970/4 - r/(-4). Suppose -8*c + 2021 = -n. Is c a composite number?
True
Let n = 103 + -101. Suppose n*x = 323 - 319. Suppose -x*h + 2158 = -4*v, 0 = -4*h - 2*v + 3157 + 1199. Is h composite?
False
Is ((-1)/(-6))/(32/(-7658208))*(-52)/6 prime?
False
Let u(v) = -178116*v + 101. Is u(-1) a composite number?
True
Suppose -95876 = -4*u - 3*q + 38059, 4*q = 4. Is u a composite number?
True
Suppose y = -12*y + 144612. Suppose -7*a + 8315 + y = 0. Is a prime?
True
Let m(x) be the first derivative of 7*x**2 - 13*x + 18. Let w(q) = 4*q + 20. Let a be w(-4). Is m(a) composite?
False
Suppose -2*f = -6*f - 2464. Suppose 68*r + 217550 = 258*r. Let h = r + f. Is h composite?
True
Is (-1)/2 + (-912690)/(-20) + 25 a composite number?
False
Suppose -u = -380 - 636. Suppose -52*c + 752 = -u. Is c a composite number?
True
Suppose -4*p + t + 71 = 251, 216 = -5*p - t. Is ((-926)/(-10))/(p/(-2860)) a prime number?
False
Let h(t) = -2*t**2 - 17*t - 6. Let y be h(-8). Suppose -y*n + 228 = -4*n. Is ((-2)/6)/(2/n) a composite number?
False
Let m(i) = -2*i - 13. Let c be m(-12). Let r(j) = -4*j + 44. Let q be r(c). Suppose -3*w = -q*w - 4*b - 565, 0 = -5*w + 3*b + 949. Is w composite?
False
Suppose -80*z = 204*z - 32676188. Is z a prime number?
True
Let b = -963 + 231104. Is b a prime number?
False
Let s(q) = 20*q**2 - 17*q + 10. Let i = 89 + -76. Let j be s(i). Suppose 4*w - j + 45 = 0. Is w a prime number?
False
Let z be (-34)/(-6) + 160/(-96). Suppose -7294 = -6*d + z*d. Is d a prime number?
False
Suppose 0 = 4*b - 4*h - 8, h - 15 = -4*b - 2*h. Is ((-3)/(-15))/(b/4965) a composite number?
False
Let z = 94810 + -45411. Is z a composite number?
True
Let k(i) = -736*i**3 + 46*i**2 + 12*i + 5. Is k(-7) a composite number?
False
Let h(c) = c + 4. Let n(r) = -1401*r + 19. Let i(q) = 5*h(q) - n(q). Is i(16) a prime number?
False
Let f(m) = -m + 9. Let s be f(7). Suppose -c = 2*a - 309, 0*c + a = -s*c + 615. Is c a prime number?
True
Suppose -30*f + 10*f - 20906 = -129606. Is f prime?
False
Let v be 3710*9/((-54)/(-15)). Suppose 0 = 4*u - 63*t + 66*t - v, -u = 3*t - 2312. Is u prime?
False
Suppose -433*t + 462*t - 2446933 = 0. Is t composite?
False
Is (-21382)/(-1) - ((-50)/35)/((-6)/21) a composite number?
False
Suppose -429 = -10*h + 1701. Let k = 38 + h. Suppose -16*y + k = -15*y. Is y composite?
False
Let x = 40719 - -1655. Let o = x + -23001. Is o a prime number?
True
Let r = 39 - 34. Suppose 5*k + 15 = 0, -v - 2*k = 4 - 3. Suppose 0 = 3*a - v*d - 5296, 4*a - 7008 = -r*d + d. Is a a prime number?
False
Let d(z) = 10981*z - 2583. Is d(38) composite?
True
Let i = -1367223 + 2028886. Is i prime?
True
Let s(m) = -121*m + 32. Let h(f) = 5*f + 26. Let v(u) = 11*u + 52. Let p(w) = -9*h(w) + 4*v(w). Let x be p(-17). Is s(x) a composite number?
True
Let d(a) = -a**2 - 14*a + 15. Let i be d(-15). Suppose i = -5*w + 26181 + 21874. Is w composite?
True
Suppose 4*t = 64897 + 144547. Is t prime?
True
Let l = 4480551 - 2037274. Is l composite?
False
Let o = -82 + 115. Let a be 76191/o + 4/22. Let f = a + -606. Is f a composite number?
True
Suppose 10*b = -9726 + 59386. Suppose -6*k + 4*k = -b. Is k a composite number?
True
Let s(a) = -8*a**2 - 3*a - 4*a - 4 + 10*a**2. Let r be s(-11). Suppose 4*c - 1761 = r. Is c a composite number?
True
Let y(d) = d**3 + 3*d**2 - 18*d. Let s be y(-6). Is (9228/(-24))/(s - (-1)/(-22)) a prime number?
False
Suppose -3*u = -m - 234474, 0 = -5*u + 4*m + 381558 + 9225. Is u prime?
False
Suppose -29*f - 868888 + 5489831 + 4575334 = 0. Is f a prime number?
False
Let y(q) = -127 - 94 - 34*q + 322 - 16*q. Is y(-22) a prime number?
True
Let r be (-2 - 23)*24/15. Let c = r + 51. Suppose -15*d = -c*d - 892. Is d prime?
True
Suppose 4*c + 166 = 4*w + 38, -40 = -w - 3*c. Is (w + 0)*(-149)/(-2) prime?
False
Let j = -77 - -77. Suppose -5*t = -j*f - 5*f + 45, -f - 5*t + 9 = 0. Suppose f*d + 4*d - 16978 = 0. Is d composite?
True
Suppose -20*o + 24*o = -36. Is 5 + o - 2 - -15977 composite?
False
Suppose -22*l - 122132 = -2276350. Is l prime?
True
Let h(s) = 88720*s**3 + 8*s**2 - 6*s - 1. Is h(1) prime?
True
Let j(h) = 101*h**2 + 15*h - 51. Let t be ((32/(-8))/(-8))/((-2)/(-20)). Let o be j(t). Let d = o + -1168. Is d a prime number?
True
Suppose 124392 = b + h, -37*h + 34*h = 7*b - 870716. Is b composite?
True
Let p(x) = -3*x**2 + 31*x + 27. Let k be p(11). Suppose k*o - 2*o + 5*y - 3224 = 0, 4*o = -4*y + 4296. Is o a composite number?
True
Suppose -f - 4*f - 16 = -4*m, 3*f = -3*m + 12. Let c(r) = 339*r**2 - 13. Is c(m) a prime number?
False
Let d = -137689 - -280488. Is d a composite number?
False
Let b(y) = 447*y**3 - 23*y**2 + 92*y - 49. Is b(4) composite?
False
Let n = -32318 - -79567. Is n composite?
True
Suppose -j + 661989 = -60*j + 6060902. Is j composite?
True
Suppose 3*s = -w + 30064, -46489 - 13667 = -2*w + s. Suppose 11*c = -3786 + w. Suppose -17*l + 22*l - c = 0. Is l prime?
False
Let y(t) = -8*t**2 - 73*t + 53. Let c(q) = 2*q**2 + 18*q - 13. Let o = -5 + 14. Let p(h) = o*c(h) + 2*y(h). Is p(-23) composite?
True
Suppose -22067 = -5*j - m, -62*j + 57*j + 22064 = 2*m. Suppose -x + 3*g + 4394 = 0, 3*x - 2*x + g = j. Is x a composite number?
False
Let o(h) = -h**3 + 2*h**2 - 19*h + 16. Let l(d) = d - 32. Let i be l(17). Let q be o(i). Suppose 0 = -22*m + 20*m + q. Is m prime?
True
Suppose 2*j + r + 6 = 3*j, 0 = j + r + 2. Suppose 3 = -p, j*b - p + 5972 = 7*b. Let s = b + 1242. Is s a composite number?
False
Let t(j) be the third derivative of 1073*j**5/60 + 47*j**2. Is t(-1) composite?
True
Suppose -23*y = -12*y. Suppose -4*d + 8*d + 3*j - 1184 = y, 3*j + 909 = 3*d. Is d a prime number?
False
Let y(p) = 3025*p**2 + 7*p - 31. Let g(v) = -v**3 + 7*v**2 - 9*v - 2. Let u be g(5). Is y(u) a composite number?
True
Let h = 1991028 + -870187. Is h a composite number?
True
Suppose 4*j - 5*u = -8*u + 11129, -j - 2*u + 2776 = 0. Let t = j - 19. Is t prime?
True
Let w(y) = 3*y - 19. Let i be w(8). Let z(s) = -2*s.